er when 92855563 is divided by 891?
889
What is the remainder when 364979258 is divided by 724?
722
Calculate the remainder when 20254 is divided by 998.
294
Calculate the remainder when 1338360 is divided by 55765.
0
What is the remainder when 77651 is divided by 77574?
77
What is the remainder when 17426 is divided by 8653?
120
Calculate the remainder when 407527 is divided by 14042.
309
What is the remainder when 594562 is divided by 66061?
13
What is the remainder when 2065633 is divided by 18609?
34
What is the remainder when 551346 is divided by 458?
372
Calculate the remainder when 19337 is divided by 6208.
713
Calculate the remainder when 5888554 is divided by 794.
250
Calculate the remainder when 384921911 is divided by 185.
181
What is the remainder when 34164539 is divided by 215?
179
What is the remainder when 2245526 is divided by 479?
453
Calculate the remainder when 483202 is divided by 187.
181
What is the remainder when 15319419 is divided by 23?
16
What is the remainder when 355188 is divided by 544?
500
Calculate the remainder when 14959600 is divided by 3068.
32
Calculate the remainder when 318760534 is divided by 59.
54
Calculate the remainder when 492561 is divided by 15541.
10790
Calculate the remainder when 2008681 is divided by 1004164.
353
Calculate the remainder when 1868245 is divided by 10.
5
What is the remainder when 3971223 is divided by 12034?
3
Calculate the remainder when 16171323 is divided by 651.
483
Calculate the remainder when 47645143 is divided by 32.
23
Calculate the remainder when 75464 is divided by 2548.
1572
What is the remainder when 2129132 is divided by 494?
486
What is the remainder when 221987 is divided by 216?
155
Calculate the remainder when 90122 is divided by 2051.
1929
What is the remainder when 1964087 is divided by 2338?
167
What is the remainder when 65769943 is divided by 83?
79
What is the remainder when 30642093 is divided by 593?
4
What is the remainder when 267181 is divided by 2085?
301
Calculate the remainder when 4656335 is divided by 160.
15
Calculate the remainder when 253806 is divided by 3015.
546
Calculate the remainder when 133159 is divided by 13216.
999
Calculate the remainder when 230515 is divided by 2176.
2035
Calculate the remainder when 973598 is divided by 3379.
446
What is the remainder when 15587261 is divided by 68?
29
Calculate the remainder when 206142278 is divided by 1753.
1749
What is the remainder when 18153992 is divided by 1533?
206
What is the remainder when 1672894 is divided by 1952?
30
What is the remainder when 34900587 is divided by 15?
12
Calculate the remainder when 221007 is divided by 1075.
632
What is the remainder when 1316102 is divided by 782?
778
What is the remainder when 149696 is divided by 2054?
1808
What is the remainder when 2071465 is divided by 1109?
962
Calculate the remainder when 10938463 is divided by 491.
456
Calculate the remainder when 323192 is divided by 323098.
94
What is the remainder when 40715 is divided by 3823?
2485
Calculate the remainder when 4924428 is divided by 5.
3
What is the remainder when 869384 is divided by 4223?
3669
Calculate the remainder when 288672 is divided by 2887.
2859
Calculate the remainder when 721655 is divided by 21224.
39
Calculate the remainder when 227790 is divided by 20707.
13
Calculate the remainder when 395890 is divided by 98383.
2358
Calculate the remainder when 236059527 is divided by 13114418.
3
What is the remainder when 19397480 is divided by 176?
168
What is the remainder when 2366601 is divided by 184?
177
What is the remainder when 2565408 is divided by 870?
648
Calculate the remainder when 2794181 is divided by 57020.
201
Calculate the remainder when 64579 is divided by 10374.
2335
What is the remainder when 7086 is divided by 6833?
253
What is the remainder when 294775419 is divided by 145?
134
What is the remainder when 404897 is divided by 520?
337
What is the remainder when 18087062 is divided by 6029016?
14
Calculate the remainder when 207129 is divided by 4.
1
Calculate the remainder when 180500 is divided by 840.
740
What is the remainder when 220852 is divided by 7342?
592
Calculate the remainder when 227466 is divided by 6496.
106
Calculate the remainder when 3117814 is divided by 3117701.
113
What is the remainder when 53945 is divided by 1285?
1260
What is the remainder when 13764634 is divided by 841?
828
Calculate the remainder when 62774799 is divided by 40.
39
Calculate the remainder when 139372 is divided by 204.
40
Calculate the remainder when 16303631 is divided by 20.
11
Calculate the remainder when 548161879 is divided by 721.
720
Calculate the remainder when 1285056 is divided by 338.
318
What is the remainder when 409469 is divided by 1844?
101
What is the remainder when 573451 is divided by 11243?
58
Calculate the remainder when 1888419 is divided by 206.
17
What is the remainder when 2263156 is divided by 145?
141
What is the remainder when 24979997 is divided by 153?
146
Calculate the remainder when 1962833 is divided by 1158.
23
Calculate the remainder when 264645 is divided by 9794.
207
Calculate the remainder when 34516612 is divided by 611.
0
What is the remainder when 9727796 is divided by 1084?
1064
What is the remainder when 2879445 is divided by 191963?
0
What is the remainder when 81511498 is divided by 490?
488
Calculate the remainder when 43171 is divided by 14329.
184
Calculate the remainder when 213155325 is divided by 129.
111
What is the remainder when 31231637 is divided by 1814?
1813
Calculate the remainder when 31501 is divided by 250.
1
What is the remainder when 436414 is divided by 665?
174
What is the remainder when 5344135 is divided by 30?
25
Calculate the remainder when 83178527 is divided by 283.
16
What is the remainder when 397661 is divided by 616?
341
Calculate the remainder when 8586802 is divided by 66.
4
Calculate the remainder when 2929503 is divided by 976498.
9
Calculate the remainder when 22904028 is divided by 8433.
0
Calculate the remainder when 6076355 is divided by 7174.
7151
Calculate the remainder when 95280 is divided by 8006.
7214
Calculate the remainder when 330817 is divided by 1420.
1377
Calculate the remainder when 2835138 is divided by 567020.
38
Calculate the remainder when 1098228 is divided by 1430.
1418
Calculate the remainder when 24370656 is divided by 658666.
14
What is the remainder when 10304784 is divided by 97?
86
Calculate the remainder when 68248 is divided by 115.
53
Calculate the remainder when 1839201 is divided by 34055.
231
Calculate the remainder when 8590106 is divided by 5101.
22
Calculate the remainder when 318787 is divided by 159382.
23
What is the remainder when 87962 is divided by 5162?
208
What is the remainder when 775216 is divided by 1803?
1729
What is the remainder when 890928 is divided by 98?
10
What is the remainder when 27060368 is divided by 371?
370
What is the remainder when 821657591 is divided by 63?
62
What is the remainder when 45828 is divided by 4739?
3177
Calculate the remainder when 2630152 is divided by 18522.
28
What is the remainder when 11247249 is divided by 84?
69
What is the remainder when 54728 is divided by 88?
80
What is the remainder when 1704026 is divided by 236?
106
What is the remainder when 87783068 is divided by 96?
92
What is the remainder when 376140 is divided by 7096?
52
What is the remainder when 294196 is divided by 73538?
44
Calculate the remainder when 336663711 is divided by 33.
21
What is the remainder when 5467239 is divided by 2733610?
19
Calculate the remainder when 111355 is divided by 3080.
475
Calculate the remainder when 120589 is divided by 1194.
1189
Calculate the remainder when 12383716 is divided by 551.
542
Calculate the remainder when 46390 is divided by 1023.
355
Calculate the remainder when 69852 is divided by 12883.
5437
Calculate the remainder when 1015212 is divided by 3223.
3190
Calculate the remainder when 414224 is divided by 137659.
1247
Calculate the remainder when 1037229 is divided by 787.
750
What is the remainder when 126111 is divided by 4344?
135
What is the remainder when 340857 is divided by 933?
312
What is the remainder when 430806 is divided by 86025?
681
Calculate the remainder when 40661